{"id":916,"date":"2022-07-19T11:56:47","date_gmt":"2022-07-19T09:56:47","guid":{"rendered":"http:\/\/myam-cuisine.com\/?page_id=916"},"modified":"2025-12-08T14:56:37","modified_gmt":"2025-12-08T13:56:37","slug":"acceder-au-restaurant","status":"publish","type":"page","link":"https:\/\/myam-cuisine.com\/index.php\/acceder-au-restaurant\/","title":{"rendered":"Acc\u00e9der au restaurant"},"content":{"rendered":"\t\t<div data-elementor-type=\"wp-page\" data-elementor-id=\"916\" class=\"elementor elementor-916\" data-elementor-post-type=\"page\">\n\t\t\t\t\t\t<section class=\"elementor-section elementor-top-section elementor-element elementor-element-c0f8f6d elementor-section-boxed elementor-section-height-default elementor-section-height-default\" data-id=\"c0f8f6d\" data-element_type=\"section\" data-settings=\"{&quot;background_background&quot;:&quot;classic&quot;}\">\n\t\t\t\t\t\t\t<div class=\"elementor-background-overlay\"><\/div>\n\t\t\t\t\t\t\t<div class=\"elementor-container elementor-column-gap-default\">\n\t\t\t\t\t<div class=\"elementor-column elementor-col-100 elementor-top-column elementor-element elementor-element-f70575e\" data-id=\"f70575e\" data-element_type=\"column\">\n\t\t\t<div class=\"elementor-widget-wrap elementor-element-populated\">\n\t\t\t\t\t\t<div class=\"elementor-element elementor-element-fd0945a premium-header-inline elementor-widget elementor-widget-premium-addon-dual-header\" data-id=\"fd0945a\" data-element_type=\"widget\" data-widget_type=\"premium-addon-dual-header.default\">\n\t\t\t\t<div class=\"elementor-widget-container\">\n\t\t\t\t\t\r\n\t\t\t\t\t<h2 class=\"premium-dual-header-first-header \"><span class=\"premium-dual-header-first-span\">Manger chez nous, <\/span><span class=\"premium-dual-header-second-header \">\u00e7a se m\u00e9rite !<\/span><\/h2> \t\t\r\n\t\t\t\t\t\t<\/div>\n\t\t\t\t<\/div>\n\t\t\t\t<div class=\"elementor-element elementor-element-6d4d180 elementor-widget elementor-widget-heading\" data-id=\"6d4d180\" data-element_type=\"widget\" data-widget_type=\"heading.default\">\n\t\t\t\t<div class=\"elementor-widget-container\">\n\t\t\t\t\t<h2 class=\"elementor-heading-title elementor-size-default\">Essayez de nous trouver, vous ne le regretterez pas.<\/h2>\t\t\t\t<\/div>\n\t\t\t\t<\/div>\n\t\t\t\t<div class=\"elementor-element elementor-element-efcba78 elementor-widget elementor-widget-html\" data-id=\"efcba78\" data-element_type=\"widget\" data-widget_type=\"html.default\">\n\t\t\t\t<div class=\"elementor-widget-container\">\n\t\t\t\t\t<iframe width=\"100%\" height=\"500\" src=\"https:\/\/my.prochedemoi.fr\/fr\/tour\/myam\" frameborder=\"0\" allowfullscreen><\/iframe>\t\t\t\t<\/div>\n\t\t\t\t<\/div>\n\t\t\t\t<div class=\"elementor-element elementor-element-26b93ea elementor-widget elementor-widget-text-editor\" data-id=\"26b93ea\" data-element_type=\"widget\" data-widget_type=\"text-editor.default\">\n\t\t\t\t<div class=\"elementor-widget-container\">\n\t\t\t\t\t\t\t\t\t<p><span style=\"color: #ffffff;\">Une visite virtuelle r\u00e9alis\u00e9e par <span style=\"text-decoration: underline;\"><a style=\"color: #ffffff; text-decoration: underline;\" href=\"https:\/\/prochedemoi.fr\/\">prochedemoi.fr<\/a><\/span><\/span><\/p>\t\t\t\t\t\t\t\t<\/div>\n\t\t\t\t<\/div>\n\t\t\t\t\t<\/div>\n\t\t<\/div>\n\t\t\t\t\t<\/div>\n\t\t<\/section>\n\t\t\t\t<\/div>\n\t\t","protected":false},"excerpt":{"rendered":"<p>Manger chez nous, \u00e7a se m\u00e9rite ! Essayez de nous trouver, vous ne le regretterez pas. Une visite virtuelle r\u00e9alis\u00e9e par prochedemoi.fr<\/p>\n","protected":false},"author":1,"featured_media":0,"parent":0,"menu_order":0,"comment_status":"closed","ping_status":"closed","template":"","meta":{"footnotes":""},"class_list":["post-916","page","type-page","status-publish","hentry"],"jetpack_sharing_enabled":true,"_links":{"self":[{"href":"https:\/\/myam-cuisine.com\/index.php\/wp-json\/wp\/v2\/pages\/916","targetHints":{"allow":["GET"]}}],"collection":[{"href":"https:\/\/myam-cuisine.com\/index.php\/wp-json\/wp\/v2\/pages"}],"about":[{"href":"https:\/\/myam-cuisine.com\/index.php\/wp-json\/wp\/v2\/types\/page"}],"author":[{"embeddable":true,"href":"https:\/\/myam-cuisine.com\/index.php\/wp-json\/wp\/v2\/users\/1"}],"replies":[{"embeddable":true,"href":"https:\/\/myam-cuisine.com\/index.php\/wp-json\/wp\/v2\/comments?post=916"}],"version-history":[{"count":80,"href":"https:\/\/myam-cuisine.com\/index.php\/wp-json\/wp\/v2\/pages\/916\/revisions"}],"predecessor-version":[{"id":1958,"href":"https:\/\/myam-cuisine.com\/index.php\/wp-json\/wp\/v2\/pages\/916\/revisions\/1958"}],"wp:attachment":[{"href":"https:\/\/myam-cuisine.com\/index.php\/wp-json\/wp\/v2\/media?parent=916"}],"curies":[{"name":"wp","href":"https:\/\/api.w.org\/{rel}","templated":true}]}}